h**4/8 + 5*h**3/3 + 172*h**2. Suppose 4*u - 2*p + 15 = 39, p = -4. Suppose -6*i = 52 - u. Give z(i).
-14
Let b(t) = -4 - 3*t - 9*t**2 - t**3 + 6 + 10 + 4*t. Suppose 5*f + 16 = k, f = -2*k - f - 28. What is b(k)?
3
Suppose 3521 = -244*t + 4009. Let x(i) = -2*i + 3*i + 7 - 3*i. Give x(t).
3
Let x(z) = -2*z + 2. Suppose -4*k + 43 = 5*r, r - k = -r + 25. Suppose -17*m - 48 = -r*m. Let y be ((-40)/(-25))/(m/(-20)). Calculate x(y).
-6
Let f(r) = 177*r - 542*r + 2*r**2 + 187*r + 179*r. Determine f(-1).
1
Let v = -10828 - -10820. Let z(p) = -p**2 - 5*p + 15. Give z(v).
-9
Suppose -4*t - 2 + 6 = 0. Let n(j) = -j**3 + j - 1. Let v be 12/8*(1 - -1). Let r(g) = 4*g**3 - 6*g**2 - 3*g + 6. Let o(p) = t*r(p) + v*n(p). Give o(6).
3
Let t be 11/1*(1 - (-12)/6). Let v(p) = 7 - t*p + 79*p + p**2 - 37*p - 2. Determine v(-9).
5
Let k(m) = m**3 - 8*m**2 + 11. Let b = 222 + -258. Let z = b + 44. Give k(z).
11
Let v(q) = q + 22. Suppose 4*a = -4*x + 5*a + 22, 7*x + 3*a = 48. Give v(x).
28
Let p(a) = -a**2 - 5*a + 6. Let r be (-1 - 4) + (-2)/11 + (-56)/(-308). Determine p(r).
6
Let u(r) = 30*r**2 + 9*r - 14. Suppose -5*g = -5, 2*d = -3*g + 13 - 0. Let b be u(d). Let n(w) = w**3 - b + 0*w**3 + 785. Determine n(0).
4
Let n(d) be the second derivative of d**4/6 + d**3/6 + 3*d**2/2 - 1937*d. What is n(2)?
13
Suppose 8*s - 6*s = 0. Let y be s/(-1*12/3). Let w(g) = 88*g - g**2 - g**3 - 3*g**3 - g**3 + 6 + 4*g**3 - 87*g. What is w(y)?
6
Let k(x) = -47*x - 19. Let m be k(-1). Suppose 0 = -26*o - 50 - m. Let t(n) = -n**3 - 2*n**2 + 2*n - 2. Give t(o).
1
Let q(c) be the second derivative of -c**4/12 + 4*c**3/3 + 9*c**2/2 + c. Suppose 219 = 37*m - 114. Let i be q(m). Let t(n) = -n**3 - n**2 + n - 3. What is t(i)?
-3
Let u(q) = -5*q**2 - 61*q + 634. Let v(h) = h**2 + 12*h - 127. Let g(c) = -6*u(c) - 29*v(c). Calculate g(-23).
-6
Let n(j) = -19*j**2 + 32*j + 3. Let t be 13 - 12 - ((7 - 5) + -3). What is n(t)?
-9
Let t(c) = -12*c**2 + 4943 - c**3 + 4950 - 3*c - 9895. Determine t(-11).
-90
Let x(m) = 7*m - 141. Let c(w) = -9*w - 24. Let b be c(-5). Give x(b).
6
Let p = 11536 + -11541. Let c(u) = -u**2 + u + 2. What is c(p)?
-28
Let m(t) = -t**2 + 4*t - 2. Suppose -211 + 194 = -17*j. Calculate m(j).
1
Let h(t) = -10*t + 1. Let n(m) = 67*m - 44. Let c(g) = -6*h(g) - n(g). Give c(8).
-18
Let l(p) be the second derivative of -p**5/20 + 31*p**4/12 - 19*p**3/2 - 31*p**2/2 + 4667*p + 1. Calculate l(29).
-2
Let b(r) = -r**3 - 2*r**3 - 4444*r - 18*r**2 + 4445*r + 16*r**2. Let y = -2 - -4. Suppose -y = -a - 1. Determine b(a).
-4
Let i(a) = -5*a**2 + 16*a + 5. Suppose 19*g - 73 = 98. Let w(j) = 11*j**2 - 33*j - 7. Let y(q) = g*i(q) + 4*w(q). Give y(12).
17
Let j(b) = b**2 + 13*b + 21. Suppose 4*u + 49 = -4*c + 45, -7 = c - u. What is j(c)?
-15
Suppose -20 = -3*h - 50. Let i(p) = -24*p**3 - 79*p**2 - 138*p - 78. Let z(k) = 5*k**3 + 16*k**2 + 28*k + 17. Let q(x) = -4*i(x) - 19*z(x). What is q(h)?
-11
Let n = 196 - 187. Let p(i) = -18 + n*i**2 + i**3 + 6*i - 26 + 34 + 3*i**2 - 4*i**2. Suppose -q = 5 + 2. What is p(q)?
-3
Let d(n) = -n**2 + n + 5. Let a be d(4). Let x(l) = 61*l**2 + 4*l + 2. Let p be x(4). Let f(v) = p - 6*v - v**2 - 994. Give f(a).
-7
Let d = -675 + 669. Let a(b) be the first derivative of 16 + 3*b**2 - 7*b + 1/3*b**3. What is a(d)?
-7
Let g(d) = -127*d + 6709. Let s be g(53). Let o(a) = 2*a - 78. Give o(s).
-122
Suppose 2*c + u + 30 = 0, -2*u = -538*c + 537*c + 5. Let b(t) = t**3 + 11*t**2 - 2*t - 27. Calculate b(c).
-5
Let d(c) = c + 7. Let g = -41 - -40. Let v be 0 + (3 - 2)*g. Let o be 7/(-14)*(-10)/v. Determine d(o).
2
Let u be (-8)/(-2) - (-4 - -6). Let o(q) = 3*q**2 - u - 2*q**2 - 6*q + 2*q + 4. Let l be (-115 + -11)/(-21) + -3. Calculate o(l).
-1
Let h(l) = -10*l**3 - 5*l**2 + 9*l - 6. Let f(i) = 27*i**3 + 16*i**2 - 32*i + 19. Let k(j) = -3*f(j) - 8*h(j). Calculate k(-10).
-49
Let y(h) = -11*h**2 + h - 17. Let c(n) = 3*n**2 + 3. Let t(v) = -4*c(v) - y(v). Determine t(0).
5
Let n be -2 - (3/1 + -247). Let r(q) = -7*q**2 + q + 0*q**2 - n + q**3 + 241. Let f = -23 + 30. Give r(f).
6
Let d(t) be the second derivative of t**4/6 - 7*t**3/2 - 10*t**2 - 80*t - 8. Give d(13).
45
Let k(i) = -i - 4. Let j = 14 + -12. Suppose 0*t = 4*u + t - 10, j*u = 2*t. Let g(f) = -f - 4. Let v(o) = u*k(o) - 3*g(o). Determine v(-8).
-4
Let m(a) = -a**3 + 9*a**2 - a + 14. Let l be m(9). Let n(s) = -3 - l*s - 1 + s**2 - 2*s**2 + 4*s. Give n(-4).
-16
Let q be (198/24)/(6/(-16)). Let d = 26 + q. Let z be ((9 - d) + -2)*2/(-3). Let y(o) = 3*o**3 + 3*o**2 + 2*o + 2. Give y(z).
-14
Suppose 14 - 53 = -13*v. Let p(j) be the first derivative of -2*j**3/3 - j**2/2 + 43*j - 29. Let g(w) be the first derivative of p(w). Calculate g(v).
-13
Let j(z) = 25*z**3 - z**2 - z + 18. Let s(n) = 4*n**3 - n**2 + 4. Let h(w) = -j(w) + 6*s(w). Determine h(-4).
-14
Let f(p) = 4 + 0 + 4*p**2 - 5*p - 3*p**2 - 7*p + 3. Let t(v) = v + 5. Let r be t(6). What is f(r)?
-4
Let u(p) be the third derivative of p**6/360 - p**5/120 - p**4/8 + 11*p**3/3 + 2*p**2 - 4. Let o(b) be the first derivative of u(b). Determine o(2).
-1
Let d be (-8)/(-12) - (3 + (-22)/3). Let p(k) = -k**3 + 5*k**2 + k - 2. Let i be p(d). Let q(f) = -5 + 2*f + 5 - i*f. Determine q(-1).
1
Let f(k) = 4*k**3 - 28*k**2 + 33 + 37*k + 17*k**3 - 17*k**3. Let c(g) = g**3 - 7*g**2 + 9*g + 8. Let x(a) = -9*c(a) + 2*f(a). Calculate x(6).
-12
Let s(n) = 3*n + 10 - 2 + 6*n**2 - n**3 + 2*n**3 + 13. Let g be s(-6). Let u(x) = -57 - 2*x + 51 + g*x. Calculate u(8).
2
Let b = 698 + -703. Let r(s) = 3*s**3 - 3*s**2 + 9*s - 1. Let u(j) = -j**3 + 2*j**2 - 5*j. Let g(p) = -2*r(p) - 5*u(p). Give g(b).
-8
Let k be -1*(5 + -6) - -2. Let i(z) = 3*z**k - 323 - 2*z**3 + 322 + z. Let s be 2/(-4)*0/1. What is i(s)?
-1
Let v(i) = 6*i + 9. Suppose -19 = 20*x + 121. Give v(x).
-33
Let k be (-210)/(-735) + (534/(-7) - -1). Let n = k - -76. Let w(a) = 23*a**2 - a + 1. Give w(n).
23
Let l(t) = 4*t**2 + 10*t - 8. Let r be (-182)/(-13)*(679/(-98) - -7). Calculate l(r).
6
Let r = 19 + -19. Suppose -4*u + 2*j + 26 = r, 2*j = -2*u - 3*j + 7. Let x(b) be the second derivative of -b**4/12 + 2*b**3/3 - 20*b. Determine x(u).
-12
Let y(z) = z**3 + 4*z**2 + 2*z + 1. Suppose 10*k + 6 = 46. Let r be 2 - 20/8 - 458/k. Let m = r + 111. Calculate y(m).
-7
Let s(g) = 29*g**3 - 8*g**2 + 9*g + 6. Let p(i) = -6*i**3 + 2*i**2 - i. Let t(l) = -5*p(l) - s(l). Determine t(4).
10
Let i(h) = -1096*h + 8771. Let k be i(8). Let l(d) = 3*d - 27. Give l(k).
-18
Suppose -14*m - 2879 = 2273. Let x = -359 - m. Let v(c) = -c**3 + 10*c**2 - 7*c. Calculate v(x).
18
Let w(t) = -t**3 + 14*t**2 - 15*t + 30. Let k = 3897 + -3884. Calculate w(k).
4
Suppose 5*p + 3 = 2*p. Let g(z) = -34*z**2 + 33*z + 29. Let t(j) = 8*j**2 - 8*j - 7. Let h(a) = -6*g(a) - 25*t(a). What is h(p)?
3
Suppose 6*t - t + 17 = 4*c, 5*c + 4*t = 52. Suppose -c*a = 7*a - 1830. Let z = a - 118. Let o(m) = m**2 - 3*m + 6. Calculate o(z).
10
Let f(o) be the first derivative of -o - 55 + 1/4*o**4 + 2*o**2 - 5/3*o**3. Suppose -4*j + 28 = 4*m, 3*m + 3*j - 5 = 4*j. Calculate f(m).
-7
Let k(l) be the second derivative of 113*l + 1/2*l**2 - 1/6*l**3 + 0. Give k(2).
-1
Let x(m) = m**3 + 5*m**2 - 6*m + 5. Let l(i) = -i**2 - 5*i. Let z be l(-6). Calculate x(z).
5
Let g(z) = 35 + 2335*z**2 + 25 - 2336*z**2 - z. Calculate g(-8).
4
Let f(d) be the second derivative of 5*d - 3 + 2/3*d**3 - 1/4*d**4 + 1/2*d**2. Calculate f(3).
-14
Let k(a) = 60*a + 122. Let t(n) = -21*n + 292. Let j be t(14). Calculate k(j).
2
Suppose -2*a - a + 45 = 0. Let z(d) = -5 - 2*d + a - 8. Calculate z(5).
-8
Suppose 3*a + 5 = 8*a. Let s(d) = d**2 - 13*d + 9*d + 3*d + 1232*d**3 - 1264*d**3. Give s(a).
-32
Let c = 157 - 161. Let u(d) = 6*d**3 + d**2 + 5*d + 3. Let i(b) = 5*b**3 + b**2 + 4*b + 2. Let w(s) = c*i(s) + 3*u(s). What is w(1)?
-3
Let h(y) = y**3 + 3*y**2 - 7*y - 10. Suppose -75 + 48 - 96 = 41*z. Calculate h(z).
11
Let f(b) be the first derivative of -2*b**3/3 + 9*b**2 - 3*b + 626. Calculate f(9).
-3
Let y(n) = n**3 + 6*n**2 + 7*n - 9. Suppose -47*a + o + 17 = -50*a, -3*o = 15. Calculate y(a).
-5
Suppose -z - 8 + 0 = 0. Let l(b) be the third derivative of -b**3 - 15*b**2 - 1/24*b**4 + 0*b - 2. Calculate l(z).
2
Let h(c) = 6*c**2 - 3*c + 2. Let f = -25579 + 25582. Determine h(f).
47
Let r(b) = -217*